 of w?
3
Let y be 1/(-4) - 22/8. Let r(o) be the second derivative of -o**3/3 + o**2/2 + 5*o. List the prime factors of r(y).
7
Let x(h) = 4*h**2 - 1. Let n be 1/(1/(-4 + 3)). What are the prime factors of x(n)?
3
What are the prime factors of -2*(-2)/4 - (18 - 174)?
157
Suppose -l = -4*l + 15. List the prime factors of l.
5
Let q(f) = -71*f**3 - 1. Let p(j) = -j**2. Let g(x) = -p(x) + q(x). Let c be g(-1). Suppose 4*n = -5*t + c, -3*t = -0*n + 4*n - 73. List the prime factors of n.
19
Suppose -a - 8 = -31. What are the prime factors of a?
23
Let c(p) = p**3 + 7*p**2 + 6*p. Let y be c(-6). Suppose y*k = 2*k + 4. What are the prime factors of 4*k*1/(-1)?
2
Suppose -4*b = 3*c - 455, c - 141 - 28 = 3*b. List the prime factors of c.
157
Suppose 3*d + 0*d - 18 = 0. What are the prime factors of (d/2)/(1 - 0)?
3
Suppose -3*y = -2*d - 15, y + 5*d = -15 + 3. Suppose 0 = 3*z + 4*g + 12 + 1, 1 = -y*z - g. Let i(l) = 12*l + 1. What are the prime factors of i(z)?
13
Let q(j) = j**3 + 6*j**2 - 8*j + 3. What are the prime factors of q(-7)?
2, 5
Let u be ((-30)/9 + 2)*-3. What are the prime factors of (-18)/u*(-6 + 0)?
3
Let z(w) = -w**2 + 15*w + 11. What are the prime factors of z(11)?
5, 11
Suppose -w = 4*w - 15. Suppose 0 = -7*u + 3*u + 2*a + 6, -5*u = 2*a - 3. Suppose -s - u - 2 = -w*y, -3*s = -y - 23. What are the prime factors of s?
3
Suppose 3*d - 6*d - 3 = 0. What are the prime factors of (-186)/(-18) - d/(-3)?
2, 5
Let v(z) = 2*z**3 + 2*z**2 - 2*z + 3. Let h(s) = 20*s. Let r be h(1). Suppose -5*w + 2*j + 14 = j, 2*w - r = 4*j. What are the prime factors of v(w)?
23
Suppose 2*m + 131 - 35 = 2*q, 5*q + 3*m = 216. List the prime factors of q.
3, 5
Suppose 2*m = 4*c + 16, -9*c + 4*c - 15 = -2*m. What are the prime factors of m?
2, 5
Suppose -4*h + 320 = -68. What are the prime factors of h?
97
Suppose 2*v + 29 = 3*v. Suppose 0*f = f - v. List the prime factors of f.
29
Suppose 5*d - 4*d = 3*n + 170, -3*d - 4*n + 523 = 0. List the prime factors of d.
173
Suppose 4*t - 20 = -0*t. Suppose -3*l = r - 0*l - 10, 0 = -5*r - t*l + 80. List the prime factors of r.
19
Suppose -g + 0 + 10 = 0. What are the prime factors of g?
2, 5
Suppose -444 - 204 = -4*o. What are the prime factors of o?
2, 3
Suppose p + 1 = 0, 1 = i + 4*p + 17. What are the prime factors of (-123)/i + (-2)/8?
2, 5
Suppose 4*o = -5*q - 5, -3*o - 4 = q + 8. Suppose -q*r + 15 = -0. List the prime factors of r.
5
Let c = 127 - 73. Suppose -4*w - 2*t = 3*t - c, 3*t = 5*w - 86. List the prime factors of w.
2
Let s = -12 + 35. List the prime factors of s.
23
Let n(g) = 2*g**2 - 4*g. Let m be n(3). Suppose 0 = 2*o + 5*d - 46, 3*d - m*d + 115 = 5*o. List the prime factors of o.
23
Let q(o) = 4*o**3 + 28*o**2 + 16*o - 13. Let c(k) = k**3 + 7*k**2 + 4*k - 3. Let m(p) = -9*c(p) + 2*q(p). What are the prime factors of m(-7)?
29
List the prime factors of (-3)/(-5) + -1 + 1122/5.
2, 7
Let a(i) = -3*i + 109. What are the prime factors of a(0)?
109
Let r(z) = -11*z**2 + 5*z + 3. Let j be r(2). Let f(i) = i**3 + 6*i**2 - 6*i - 7. Let h be f(-5). Let t = j + h. List the prime factors of t.
17
Let b = 199 - 132. List the prime factors of b.
67
Suppose -18 = -4*s + 2*p - 0*p, 2*p = -3*s + 10. Suppose 3*i - s*n - 121 = 0, -3*i + 154 = i + 2*n. What are the prime factors of i?
3, 13
Let h(w) = -w**2 + 8*w + 11. Let j be h(9). Suppose -j*y + 10 = 3*y. What are the prime factors of ((-13)/4)/(y/(-8))?
13
Suppose 4*g - 146 = 6. What are the prime factors of g?
2, 19
Let q = 95 + -8. What are the prime factors of q?
3, 29
Let k = -41 - -20. Let t = 33 + k. What are the prime factors of t?
2, 3
Suppose -4*q + 4*l = 8*l - 524, -4*l = 20. Let v = q + -201. Let x = -45 - v. List the prime factors of x.
2, 5
Let u = -29 + 17. Let p = u - -19. Suppose 0*c = -c + p. What are the prime factors of c?
7
Let j(y) = 6*y - 1. Let f(k) = -k - 3. Let u be f(-4). Let m be j(u). Suppose -m*w + 4 = -2*b + 37, -4*b + 6 = 2*w. What are the prime factors of b?
2
Let z = 7 + 5. Suppose -7 - 9 = -4*y. Suppose t + z = y*t. What are the prime factors of t?
2
Let p = 175 - -235. List the prime factors of p.
2, 5, 41
Let z(m) be the third derivative of m**5/60 + m**2. Let o = 44 - 41. What are the prime factors of z(o)?
3
Suppose 0 = 8*u - 3*u + 4*a - 266, -a - 246 = -5*u. What are the prime factors of u?
2, 5
Let t be (6/8)/(1/52). Suppose -2*v = 3*k - 19, -7*v + t = -3*v + 5*k. What are the prime factors of v?
11
Let t(d) = -2*d + 4*d - 2*d**2 + 1 + d. Let h be t(3). Let n(k) = -k**2 - 10*k - 9. List the prime factors of n(h).
7
What are the prime factors of (-126)/(-4) + (-45)/(-30)?
3, 11
Let p(s) = -s**2 + 10*s - 6. Let a be p(10). What are the prime factors of a*(-1 - (-2)/(-4))?
3
Let l = 61 + 31. List the prime factors of l.
2, 23
Let b(s) = s + 6. Let j be b(-3). Suppose j*o = 4*o + 2. Let k = 2 - o. What are the prime factors of k?
2
Suppose -6*s = -10*s + 108. What are the prime factors of s?
3
Suppose 2*y = -0 + 4. Let h be y - (1 - (-10)/(-2)). Suppose -2*o = -h*o + 24. List the prime factors of o.
2, 3
Let o(j) = -3*j - 11. Let v be o(-11). Suppose 20 + v = 3*y. What are the prime factors of y?
2, 7
Suppose 0 = -l + 6*c - 3*c + 5, 0 = -3*l + 4*c + 5. What are the prime factors of (l - 8/(-1)) + -3?
2
Suppose 8 = x + x. Let n be (20/(-12))/((-1)/6). Suppose o + x*o = n. List the prime factors of o.
2
Let c = 100 - 35. What are the prime factors of c?
5, 13
Let j be (-26)/(-3) + (-8)/12. List the prime factors of -9*4/j*-2.
3
Let g = 222 - 89. What are the prime factors of g?
7, 19
Let z(w) = 2*w**2 + w + 19. What are the prime factors of z(8)?
5, 31
Let r(l) = -l**3 - l**2 + l + 7. Let b = 17 + -17. What are the prime factors of r(b)?
7
Let t = 36 - 26. Suppose 3*i = t + 8. What are the prime factors of (-3)/2*(-20)/i?
5
Suppose 20 = 7*g - 3*g. Suppose -3*p - g*d + 22 = 0, -d = p + 4*d - 4. What are the prime factors of p?
3
Suppose 146 = 2*p + 8. List the prime factors of p.
3, 23
Let c(q) be the third derivative of q**6/60 - q**5/20 - q**2. Let a be c(2). Suppose -3*b + 62 = a*g, 2*b + 0*b = 4. List the prime factors of g.
2, 7
Suppose -u - 2*f + 34 = -0*u, 38 = u + 4*f. List the prime factors of u.
2, 3, 5
Suppose -10*y - 285 = -795. What are the prime factors of y?
3, 17
List the prime factors of 6 + 8/(-2) + 95.
97
Let j = -45 - -91. What are the prime factors of j?
2, 23
Let n be (1/3)/((-2)/(-30)). Suppose n*d + 5*k - 30 = 0, 0 = -3*d + 2*k + k + 36. List the prime factors of d.
3
Let z(f) = 2*f**2 - 7*f - 6. What are the prime factors of z(8)?
2, 3, 11
Suppose 5*h - 21 = 49. What are the prime factors of h?
2, 7
Let p be (-270)/(-24) + 1/(-4). Let s = 0 + p. What are the prime factors of s?
11
Let z be (-60)/27 + (-6)/(-27). Let i be z/(-8) - (-62)/8. Suppose -i - 10 = -3*h. What are the prime factors of h?
2, 3
Suppose -3*z + 8 = o, -2 = 2*z + 2*o - 6. Suppose 2*l = -i + z*i + 20, -4*l = 3*i - 54. What are the prime factors of l?
2, 3
Let n(i) = 35*i**3 + 5*i**2 - 5*i. What are the prime factors of n(2)?
2, 5, 29
What are the prime factors of (-5 - 2)/((-1)/6)?
2, 3, 7
Let i(h) be the first derivative of -h**3/3 + 6*h**2 + 8*h - 4. List the prime factors of i(11).
19
Let s(j) = 18*j + 1. List the prime factors of s(3).
5, 11
Let a(y) = -y**2 - y + 2. Let m be a(0). Let t be 6 - (5 - 0 - m). Suppose -t*j + j - 16 = -2*g, 3*g + 4*j = 17. List the prime factors of g.
7
Let g(x) = 15*x**2 - x + 7. List the prime factors of g(-3).
5, 29
Suppose -235 = -4*a - 83. List the prime factors of a.
2, 19
Suppose w = -3*a + 2*a + 19, 3*a = -5*w + 65. What are the prime factors of a?
3, 5
Let b = -98 + 139. What are the prime factors of b?
41
Suppose -2*z + 2 = 4. Let i be 0 + 1 - (-2)/z. Let c = 18 + i. What are the prime factors of c?
17
Let w(k) = k**2 + 8*k + 9. Suppose -3*y - 16 = -5*x, y + 0*x + x = -8. What are the prime factors of w(y)?
2
Suppose 5*m = -4*k + 348, 0 = 4*k - 0*m - 3*m - 316. What are the prime factors of k?
2, 41
Suppose -7*f + 2*f = -335. What are the prime factors of f?
67
Let s = -8 - -8. Suppose s = -2*x, -d + 24 = d - x. What are the prime factors of d/(-6) - (-8 + -1)?
7
Suppose 5*o + 2*s - 238 = 0, -14 = 5*o - s - 240. List the prime factors of o.
2, 23
Let v = 53 - -36. What are the prime factors of v?
8